of 466.
2, 233
What are the prime factors of 717?
3, 239
List the prime factors of 75964.
2, 7, 2713
What are the prime factors of 4130?
2, 5, 7, 59
What are the prime factors of 38599?
11, 29
What are the prime factors of 6019?
13, 463
What are the prime factors of 3468?
2, 3, 17
List the prime factors of 10209.
3, 41, 83
List the prime factors of 4428.
2, 3, 41
What are the prime factors of 23049?
3, 13, 197
List the prime factors of 1267.
7, 181
List the prime factors of 2052.
2, 3, 19
List the prime factors of 7469.
7, 11, 97
What are the prime factors of 10529?
10529
List the prime factors of 21664.
2, 677
What are the prime factors of 915?
3, 5, 61
What are the prime factors of 2017?
2017
What are the prime factors of 13162?
2, 6581
What are the prime factors of 4364?
2, 1091
What are the prime factors of 4914?
2, 3, 7, 13
What are the prime factors of 28810?
2, 5, 43, 67
List the prime factors of 67912.
2, 13, 653
List the prime factors of 2945.
5, 19, 31
What are the prime factors of 2190?
2, 3, 5, 73
List the prime factors of 100.
2, 5
List the prime factors of 4047.
3, 19, 71
List the prime factors of 2548.
2, 7, 13
What are the prime factors of 30122?
2, 15061
List the prime factors of 15057.
3, 7, 239
What are the prime factors of 1133?
11, 103
What are the prime factors of 2622?
2, 3, 19, 23
List the prime factors of 3422.
2, 29, 59
What are the prime factors of 56377?
56377
What are the prime factors of 901?
17, 53
What are the prime factors of 2396?
2, 599
What are the prime factors of 43707?
3, 17, 857
List the prime factors of 1796.
2, 449
List the prime factors of 2576.
2, 7, 23
List the prime factors of 276.
2, 3, 23
List the prime factors of 107.
107
What are the prime factors of 3251?
3251
What are the prime factors of 921?
3, 307
What are the prime factors of 92002?
2, 157, 293
List the prime factors of 20019.
3, 6673
List the prime factors of 2392.
2, 13, 23
What are the prime factors of 732?
2, 3, 61
What are the prime factors of 272?
2, 17
What are the prime factors of 222?
2, 3, 37
What are the prime factors of 5666?
2, 2833
What are the prime factors of 2187?
3
List the prime factors of 12104.
2, 17, 89
What are the prime factors of 1226?
2, 613
List the prime factors of 11766.
2, 3, 37, 53
What are the prime factors of 47140?
2, 5, 2357
What are the prime factors of 30404?
2, 11, 691
What are the prime factors of 415?
5, 83
What are the prime factors of 1371?
3, 457
What are the prime factors of 4663?
4663
List the prime factors of 11088.
2, 3, 7, 11
What are the prime factors of 18602?
2, 71, 131
What are the prime factors of 83032?
2, 97, 107
List the prime factors of 11765.
5, 13, 181
List the prime factors of 1323.
3, 7
List the prime factors of 779.
19, 41
List the prime factors of 555.
3, 5, 37
List the prime factors of 1140.
2, 3, 5, 19
What are the prime factors of 1579?
1579
What are the prime factors of 1002?
2, 3, 167
List the prime factors of 40716.
2, 3, 13, 29
List the prime factors of 33730.
2, 5, 3373
What are the prime factors of 22985?
5, 4597
What are the prime factors of 190?
2, 5, 19
What are the prime factors of 9598?
2, 4799
What are the prime factors of 7633?
17, 449
List the prime factors of 1126.
2, 563
List the prime factors of 22131.
3, 2459
What are the prime factors of 1191?
3, 397
What are the prime factors of 842?
2, 421
What are the prime factors of 1254?
2, 3, 11, 19
List the prime factors of 2796.
2, 3, 233
What are the prime factors of 35220?
2, 3, 5, 587
List the prime factors of 758.
2, 379
What are the prime factors of 7800?
2, 3, 5, 13
List the prime factors of 2046.
2, 3, 11, 31
What are the prime factors of 45731?
7, 47, 139
What are the prime factors of 293?
293
List the prime factors of 8991.
3, 37
List the prime factors of 268.
2, 67
What are the prime factors of 7905?
3, 5, 17, 31
List the prime factors of 422.
2, 211
List the prime factors of 28010.
2, 5, 2801
List the prime factors of 1196.
2, 13, 23
What are the prime factors of 61105?
5, 11, 101
What are the prime factors of 10618?
2, 5309
What are the prime factors of 37786?
2, 7, 2699
What are the prime factors of 2260?
2, 5, 113
What are the prime factors of 256?
2
List the prime factors of 16599.
3, 11, 503
List the prime factors of 28220.
2, 5, 17, 83
List the prime factors of 1952.
2, 61
List the prime factors of 62645.
5, 11, 17, 67
What are the prime factors of 162247?
89, 1823
List the prime factors of 15003.
3, 1667
List the prime factors of 6387.
3, 2129
List the prime factors of 14263.
17, 839
What are the prime factors of 6639?
3, 2213
What are the prime factors of 5687?
11, 47
What are the prime factors of 20885?
5, 4177
List the prime factors of 25012.
2, 13, 37
List the prime factors of 31914.
2, 3, 197
List the prime factors of 572.
2, 11, 13
What are the prime factors of 2761?
11, 251
What are the prime factors of 23643?
3, 37, 71
List the prime factors of 1047.
3, 349
What are the prime factors of 2732?
2, 683
List the prime factors of 37071.
3, 1373
What are the prime factors of 524?
2, 131
What are the prime factors of 548?
2, 137
What are the prime factors of 8957?
13, 53
List the prime factors of 2072.
2, 7, 37
List the prime factors of 13901.
13901
What are the prime factors of 1039?
1039
List the prime factors of 3360.
2, 3, 5, 7
What are the prime factors of 2588?
2, 647
What are the prime factors of 40688?
2, 2543
List the prime factors of 19777.
19777
What are the prime factors of 39495?
3, 5, 2633
What are the prime factors of 105?
3, 5, 7
What are the prime factors of 71421?
3, 7, 19, 179
What are the prime factors of 14354?
2, 7177
List the prime factors of 89638.
2, 44819
What are the prime factors of 35436?
2, 3, 2953
List the prime factors of 565.
5, 113
What are the prime factors of 175013?
175013
List the prime factors of 2911.
41, 71
What are the prime factors of 1053?
3, 13
What are the prime factors of 1455?
3, 5, 97
List the prime factors of 225.
3, 5
List the prime factors of 33748.
2, 11, 13, 59
What are the prime factors of 25511?
97, 263
List the prime factors of 42865.
5, 8573
What are the prime factors of 84260?
2, 5, 11, 383
List the prime factors of 4485.
3, 5, 13, 23
What are the prime factors of 5315?
5, 1063
What are the prime factors of 290?
2, 5, 29
List the prime factors of 39395.
5, 7879
What are the prime factors of 1765?
5, 353
What are the prime factors of 34430?
2, 5, 11, 313
What are the prime factors of 75681?
3, 2803
List the prime factors of 1655.
5, 331
What are the prime factors of 4497?
3, 1499
What are the prime factors of 74130?
2, 3, 5, 7, 353
What are the prime factors of 4176?
2, 3, 29
What are the prime factors of 5081?
5081
What are the prime factors of 1666?
2, 7, 17
What are the prime factors of 22416?
2, 3, 467
List the prime factors of 3854.
2, 41, 47
What are the prime factors of 1321?
1321
List the prime factors of 41560.
2, 5, 1039
List the prime factors of 4982.
2, 47, 53
List the prime factors of 31435.
5, 6287
List the prime factors of 216.
2, 3
List the prime factors of 2414.
2, 17, 71
List the prime factors of 21198.
2, 3, 3533
What are the prime factors of 5343?
3, 13, 137
What are the prime factors of 4588?
2, 31, 37
What are the prime factors of 4617?
3, 19
List the prime factors of 2918.
2, 1459
What are the prime factors of 7103?
7103
List the prime factors of 3583.
3583
What are the prime factors of 14571?
3, 1619
List the prime factors of 7285.
5, 31, 47
What are the prime factors of 8615?
5, 1723
What are the prime factors of 26464?
2, 827
List the prime factors of 948.
2, 3, 79
What are the prime factors of 1279?
1279
List the prime factors of 1903.
11, 173
List the prime factors of 817.
19, 43
What are the prime factors of 93314?
2, 13, 37, 97
List the prime factors of 171934.
2, 7, 12281
List the prime factors of 3169.
3169
What are the prime factors of 325?
5, 13
What are the prime factors of 3747?
3, 1249
What are the prime factors of 8330?
2, 5, 7, 17
List the prime factors of 31802.
2, 15901
List the prime factors of 382.
2, 191
What are the prime factors of 356?
2, 89
What are the prime factors of 2399?
2399
What are the prime factors of 9544?
2, 1193
List the prime factors of 35620.
2, 5, 13, 137
List the prime 